t) = -8*t**3 + 12*t**2 + 149*t - 748. Give g(5).
-703
Let s(p) = 21*p**3 - 4*p**2 + 4*p - 9. What is s(-3)?
-624
Let o(r) = -r**2 - 86*r + 899. Calculate o(-94).
147
Let o(l) = -158*l - 47. Calculate o(-4).
585
Let s(j) = 34*j**2 - 374*j + 17. What is s(11)?
17
Let h(v) = -9*v**3 + 146*v**2 + 15*v + 11. Calculate h(16).
763
Let y(w) = -27*w**3 + w**2 - 4*w - 6. What is y(-2)?
222
Let x(f) = 4*f**2 - 7*f - 106. Calculate x(9).
155
Let g(z) = 3*z**3 - 268*z**2 + 88*z + 76. What is g(89)?
-13
Let j(l) = -10*l**2 - 718*l - 560. Determine j(-71).
8
Let f(z) = -10*z**2 + 25*z - 61. Give f(3).
-76
Let h(f) = 224*f + 5812. Give h(-26).
-12
Let l(p) = p**3 + 30*p**2 - 92*p + 295. Determine l(-33).
64
Let v(d) = 2*d**3 + 11*d**2 + 32*d + 23. What is v(-2)?
-13
Let m(h) = -5*h**2 - 10*h - 41. Give m(-5).
-116
Let s(i) = 36*i**2 + 1295*i + 14. Give s(-36).
50
Let t(d) = -d**3 - 53*d**2 - 48*d + 216. Calculate t(-52).
8
Let a(d) = d**2 + 28*d + 141. Determine a(-6).
9
Let p(n) = 410*n + 14356. What is p(-35)?
6
Let k(g) = 5*g**2 - 689*g + 555. Calculate k(137).
7
Let u(w) = -2*w**3 - 17*w**2 - 50*w - 345. What is u(-8)?
-9
Let l(z) = -z**2 - 501*z + 13709. Give l(26).
7
Let a(d) = 85*d - 4879. Give a(50).
-629
Let k(g) = -g**3 - 92*g**2 - 2098*g - 362. What is k(-51)?
-5
Let w(p) = -p**2 + 899*p + 10015. Give w(-11).
5
Let k(d) = 2*d**3 - 28*d**2 - 31*d + 38. What is k(15)?
23
Let x(y) = 24*y**2 + 232*y - 89. Give x(-10).
-9
Let o(x) = -417*x - 34. What is o(0)?
-34
Let l(k) = 81*k**2 + 565*k - 2. Calculate l(-7).
12
Let c(m) = -51*m - 3537. Calculate c(-83).
696
Let y(w) = w**2 + 86*w + 1819. Give y(-49).
6
Let p(i) = -i**2 - 12*i. Give p(-14).
-28
Let v(p) = -364*p - 1818. Calculate v(-5).
2
Let x(m) = -m**3 - 48*m**2 - 410*m - 104. What is x(-37)?
7
Let x(n) = -102*n + 432. What is x(1)?
330
Let b(q) = q**3 - 142*q**2 - 582*q - 279. Calculate b(146).
13
Let s(a) = 860*a - 19756. What is s(23)?
24
Let f(w) = 221*w - 6151. Calculate f(28).
37
Let o(b) = 8*b**2 - 10*b - 3. What is o(0)?
-3
Let o(w) = -7424*w - 96514. What is o(-13)?
-2
Let v(g) = g**2 - 2*g - 459. Calculate v(0).
-459
Let w(v) = -v**3 + 45*v**2 - 88*v - 20. Calculate w(43).
-106
Let a(u) = 3*u**2 + 14*u - 142. Calculate a(6).
50
Let w(t) = t**3 - 56*t**2 - 309*t + 247. Determine w(61).
3
Let n(k) = 18*k**2 + 874*k + 482. Determine n(-48).
2
Let l(j) = -j**3 - 7*j**2 + 48*j + 46. Calculate l(-12).
190
Let p(k) = -2*k**2 - 859*k + 14261. Determine p(16).
5
Let d(o) = o**3 - 2*o**2 - 16*o + 49. Determine d(-7).
-280
Let p(j) = -j**2 + 52*j - 348. Determine p(42).
72
Let b(x) = x**3 - x**2 - 22*x + 3. What is b(5)?
-7
Let g(h) = h**2 + 6*h - 220. Calculate g(-20).
60
Let h(a) = -119*a - 318. Calculate h(-3).
39
Let i(j) = 2*j**2 - 754*j + 50057. Calculate i(291).
5
Let j(a) = -12*a**3 + 96*a**2 + 5*a - 4. Calculate j(8).
36
Let z(x) = 107*x - 116. Calculate z(3).
205
Let y(v) = -v**3 + 77*v**2 - 360*v - 29. Determine y(72).
-29
Let l(f) = -191*f + 4969. What is l(26)?
3
Let u(n) = 2*n**2 + 65*n - 83. Calculate u(-37).
250
Let z(o) = 4*o**2 + 22*o - 30. What is z(-7)?
12
Let v(q) = 1117*q - 11172. Calculate v(10).
-2
Let o(q) = 684*q - 23940. Determine o(35).
0
Let o(v) = 76*v - 125. Determine o(3).
103
Let p(a) = a**3 + 64*a**2 + 252*a - 2527. What is p(-59)?
10
Let b(x) = -8*x**2 - 65*x - 54. Give b(-7).
9
Let n(f) = -4538*f - 54455. Determine n(-12).
1
Let m(u) = -u**2 + 7*u - 139. Determine m(12).
-199
Let g(t) = t**2 - 95*t + 1320. Give g(81).
186
Let d(y) = 60*y + 1804. What is d(-30)?
4
Let g(v) = v**2 + 22*v + 169. Give g(-7).
64
Let f(g) = g**2 + 119*g - 359. Determine f(3).
7
Let o(r) = -272*r + 672. Determine o(4).
-416
Let h(f) = -10*f**2 + 2428*f + 9871. Calculate h(-4).
-1
Let d(k) = 3*k**2 - 77*k + 287. Give d(21).
-7
Let x(q) = 1213*q - 351. What is x(1)?
862
Let l(k) = -k**3 - 21*k**2 + 9*k + 602. What is l(-19)?
-291
Let g(u) = u**3 - 4*u**2 - 5*u - 8. What is g(5)?
-8
Let u(k) = -5*k**2 - 63*k + 867. Calculate u(8).
43
Let u(o) = 650*o + 14928. Give u(-23).
-22
Let t(u) = 29*u - 4351. Calculate t(150).
-1
Let j(c) = 2360*c + 19. Give j(0).
19
Let p(i) = 110*i + 2293. Give p(-21).
-17
Let b(z) = z**2 + 30*z + 18. Determine b(-14).
-206
Let x(l) = -l**2 + 120*l - 826. Give x(113).
-35
Let q(l) = 6*l**2 + 184*l - 10. What is q(-32)?
246
Let v(a) = -3*a**2 - 39*a + 169. Calculate v(-20).
-251
Let f(h) = 2*h**3 - 7*h**2 + 63*h - 97. Give f(2).
17
Let i(p) = 2*p**3 + 134*p**2 - 4*p - 269. Determine i(-67).
-1
Let m(r) = -r**3 + 127*r**2 - 170*r - 10000. Give m(125).
0
Let y(m) = 96*m**3 + m**2 - 3*m - 1. Give y(-2).
-759
Let p(a) = 5*a**2 - 286*a - 533. What is p(59)?
-2
Let w(d) = -25*d - 2940. Determine w(-118).
10
Let d(y) = -y**3 + 44*y**2 - 86*y - 68. Determine d(42).
-152
Let s(b) = b**3 + 59*b**2 - 4*b - 261. What is s(-59)?
-25
Let d(y) = -9*y + 843. What is d(98)?
-39
Let b(u) = -u**3 - 65*u**2 - 181*u + 312. Give b(-62).
2
Let y(c) = -34*c**2 - 303*c + 20. What is y(-9)?
-7
Let k(d) = 1014*d + 11157. What is k(-11)?
3
Let r(f) = 4*f**2 + 169*f - 171. Give r(1).
2
Let y(f) = 2*f**3 - 83*f**2 - 46*f + 176. Calculate y(42).
8
Let u(q) = -4*q**3 + 97*q**2 + 80*q - 41. Give u(25).
84
Let m(d) = -4*d**2 - 59*d - 20. Give m(-18).
-254
Let b(k) = 154*k + 3694. Calculate b(-24).
-2
Let j(m) = -m**2 + 10*m + 612. Give j(30).
12
Let z(d) = -d**2 - 709*d + 3571. Calculate z(5).
1
Let w(d) = 3*d**3 - 20*d**2 + 5*d + 8. What is w(8)?
304
Let q(m) = -250*m - 1995. Calculate q(-8).
5
Let x(u) = u**2 + 33*u - 559. What is x(-45)?
-19
Let k(y) = -32*y - 566. Calculate k(-19).
42
Let g(r) = -1078*r - 15084. What is g(-14)?
8
Let b(p) = 297*p - 3081. Determine b(10).
-111
Let k(x) = -6*x**3 - x**2 + 5*x - 2. What is k(2)?
-44
Let o(x) = -3*x**3 - 68*x**2 - 58*x - 87. What is o(-22)?
221
Let h(y) = 6*y**2 - 261*y - 35. Determine h(42).
-413
Let k(q) = 907*q - 20862. Determine k(23).
-1
Let s(u) = u**3 - 31*u**2 + 442*u - 13711. Give s(31).
-9
Let d(x) = -4*x**2 + 32*x - 12. Calculate d(7).
16
Let u(m) = -m**2 - 89*m - 1378. What is u(-19)?
-48
Let a(w) = 48*w + 2395. Determine a(-50).
-5
Let m(d) = -94*d**2 - 1499*d - 24. Determine m(-16).
-104
Let x(i) = -22*i**3 - 126*i**2 - 127*i - 2. Determine x(-1).
21
Let a(r) = -105*r - 1145. Give a(-12).
115
Let r(h) = 132*h - 3033. What is r(23)?
3
Let q(l) = 138*l - 1259. Determine q(10).
121
Let x(o) = -o**2 - 5*o + 526. Give x(-26).
-20
Let u(x) = 31*x + 319. Determine u(-11).
-22
Let b(o) = -72*o**2 + 1432*o - 1. Determine b(20).
-161
Let l(h) = h**3 + 15*h**2 + 104*h + 325. Determine l(-8).
-59
Let g(b) = -479*b - 10484. What is g(-22)?
54
Let g(d) = -d**2 + 21*d - 66. What is g(9)?
42
Let y(h) = -26*h + 505. Determine y(21).
-41
Let l(g) = -8*g - 37. Determine l(-9).
35
Let v(g) = g**3 + 55*g**2 + 223*g + 974. Calculate v(-51).
5
Let r(t) = -t**3 + 30*t**2 + 798*t - 24. What is r(-17)?
-7
Let o(j) = 15*j**2 + 75*j - 149. Give o(2).
61
Let q(i) = 2*i**3 + 78*i**2 - i - 46. What is q(-39)?
-7
Let z(h) = -7*h**2 + 8*h + 304. Calculate z(-13).
-983
Let c(u) = 9*u + 198. Determine c(-20).
18
Let r(c) = -5*c**3 - c**2 + 5*c + 11. Calculate r(-3).
122
Let z(n) = -27*n**2 + 136*n - 276. What is z(2)?
-112
Let f(r) = r**3 + 16*r**2 + r + 49. Calculate f(-15).
259
Let p(o) = -1590*o - 9539. Give p(-6).
1
Let r(q) = 54*q + 636. Give r(-14).
-120
Let l(j) = 107*j - 860. Determine l(8).
-4
Let r(j) = -j**2 - 29*j - 202. What is r(-18)?
-4
Let g(q) = -q**3 + 46*q**2 - 521*q + 306. What is g(18)?
0
Let h(m) = -1485*m + 7423. Determine h(5).
-2
Let i(n) = -n**3 + 7*n**2 + 16*n + 28. Calculate i(-4).
140
Let b(f) = -f**3 + 3*f**2 + 110*f + 32. Calculate b(-9).
14
Let m(d) = d**3 + 18*d**2 + 17*d - 235. Give m(-5).
5
Let o(p) = -2*p**3 + p**2 + 8*p + 8. What is o(-5)?
243
Let r(p) = -4362*p - 174488. What is r(-40)?
-8
Let v(p) = 4*p**3 + 100*p**2 - 3*p - 43. Give v(-25).
32
Let o(t) = 249*t - 495. Give o(2).
3
Let m(r) = 17*r + 1322. Determine m(-78).
-4
Let o(x) = -69*x + 3354. Calculate o(47).
111
Let c(y) = -22*y**3 - 2*y**2 + 4*y - 6. Determine c(2).
-182
Let f(j) = 5*j**3 + 406*j**2 + 78*j - 225. Calculate f(-81).
18
Let f(c) = -c**2 - 5*c + 4. What is f(-4)?
8
Let u(t) = 275*t - 11246. Give u(41).
29
Let h(c) = c**2 - 19*c - 98. Calculate h(-7).
84
L